s 1295 divide 1146129390?
True
Does 673 divide 21626855?
True
Does 1939 divide 48091078?
True
Is 749 a factor of 18857573?
True
Is 1100 a factor of 918391509?
False
Is 61007173 a multiple of 173?
False
Is 14 a factor of 184204?
False
Does 99 divide 4428777?
False
Is 60677892 a multiple of 6?
True
Does 3775 divide 543063950?
True
Is 74 a factor of 14488170?
False
Is 577809920 a multiple of 86?
True
Does 4 divide 688340524?
True
Does 35 divide 2081481066?
False
Is 98 a factor of 63929725?
False
Does 775 divide 2308445?
False
Is 446263104 a multiple of 434?
True
Is 329 a factor of 1602649475?
True
Is 61 a factor of 381884156?
True
Is 7937261 even?
False
Is 872624007 a multiple of 105?
False
Is 94114579 a multiple of 136?
False
Is 406 a factor of 28041734?
False
Does 132 divide 2362904016?
True
Does 3192 divide 346663968?
True
Does 606 divide 147327084?
True
Does 3 divide 77633344?
False
Is 2286 a factor of 97678494?
True
Does 127 divide 7135795?
False
Is 189444696 a multiple of 696?
False
Is 23384900 a multiple of 70?
True
Does 6 divide 827653887?
False
Does 33 divide 1212564211?
False
Is 192 a factor of 1037488966?
False
Is 9005364 a multiple of 4?
True
Is 88 a factor of 108982368?
True
Is 2 a factor of 40428?
True
Is 4 a factor of 275056873?
False
Is 30 a factor of 38916939?
False
Is 18697811 a multiple of 791?
False
Is 147850824 a multiple of 1342?
True
Is 1754 a factor of 50152122?
True
Is 112259035 a multiple of 9?
False
Is 55 a factor of 21834670?
True
Does 4 divide 54495677?
False
Is 571 a factor of 228063252?
False
Is 514 a factor of 262897824?
False
Is 6162398 a multiple of 529?
False
Does 417 divide 998205002?
False
Is 12481408 a multiple of 195?
False
Is 719 a factor of 46717025?
True
Is 45 a factor of 640887?
False
Is 80 a factor of 95742720?
True
Does 3531 divide 4823653197?
True
Is 178966656 a multiple of 2922?
True
Does 2123 divide 824747286?
True
Does 1713 divide 1217420535?
True
Is 54720415 a multiple of 31?
False
Is 103 a factor of 296852180?
True
Is 81043247 a multiple of 2207?
True
Is 738080308 a multiple of 266?
True
Is 43 a factor of 300802243?
True
Is 19 a factor of 12509638?
True
Is 1070835212 a multiple of 718?
False
Is 114 a factor of 881823882?
False
Is 103237408 a multiple of 16?
True
Is 31 a factor of 1089422876?
False
Is 51 a factor of 358719975?
True
Is 224 a factor of 29401344?
True
Is 153460141 a multiple of 29?
True
Is 6 a factor of 48002604?
True
Does 5364 divide 227894904?
True
Is 589386310 a multiple of 2857?
False
Is 70 a factor of 22079989?
False
Does 17 divide 339447857?
True
Does 44 divide 4730606?
False
Is 39418650 a multiple of 1350?
True
Is 743169906 a multiple of 6?
True
Is 3766850752 a multiple of 11288?
True
Is 12121991 a multiple of 1392?
False
Is 990854878 a multiple of 13?
True
Is 542926538 a multiple of 154?
True
Is 662 a factor of 41263122?
True
Is 228196754 a multiple of 3149?
False
Is 592 a factor of 1308511808?
True
Is 34732392 a multiple of 23?
True
Is 225534 a multiple of 30?
False
Is 254 a factor of 16376142?
True
Is 551 a factor of 27492566?
False
Does 797 divide 475632863?
True
Is 4780340320 a multiple of 12670?
True
Is 23683148 a multiple of 4?
True
Does 769 divide 312092498?
True
Is 3454487952 a multiple of 91?
False
Is 118118102 a multiple of 1537?
False
Does 1157 divide 113522526?
True
Is 111 a factor of 92500655?
False
Is 318913292 a multiple of 14?
False
Is 13937742 a multiple of 26?
True
Is 400728000 a multiple of 1200?
True
Is 4 a factor of 29159104?
True
Is 30389230 a multiple of 947?
True
Is 40253229 a multiple of 2043?
True
Is 606 a factor of 27730560?
True
Does 6 divide 3279233?
False
Is 195590206 a multiple of 1330?
False
Does 378 divide 10941588?
True
Is 56982229 a multiple of 192?
False
Is 92 a factor of 12745380?
False
Is 485 a factor of 1393253577?
False
Does 1293 divide 68364789?
True
Is 8005 a factor of 1666958531?
False
Is 50257661 a multiple of 10?
False
Is 127750180 a multiple of 750?
False
Is 28 a factor of 18895877?
False
Does 418 divide 1455025814?
True
Is 47316576 a multiple of 43?
False
Is 19608997 a multiple of 205?
False
Is 10016478 a multiple of 8361?
True
Is 8233761 a multiple of 95?
False
Does 77 divide 245430031?
True
Does 6 divide 544864713?
False
Does 101 divide 250409947?
False
Is 3 a factor of 8567878?
False
Is 7 a factor of 2020122405?
True
Is 217 a factor of 52675665?
True
Does 262 divide 1841927769?
False
Is 163198236 a multiple of 137?
True
Is 180306568 a multiple of 13?
True
Does 17 divide 652870227?
True
Does 4971 divide 834302814?
True
Does 132 divide 38015297?
False
Is 322 a factor of 1663008606?
True
Is 4 a factor of 400506416?
True
Does 11 divide 664129564?
False
Is 133 a factor of 34573843?
False
Is 106 a factor of 227151322?
True
Does 3 divide 33504578?
False
Is 234 a factor of 29343366?
True
Does 254 divide 3639058?
True
Does 71 divide 41974548?
False
Does 404 divide 17051940?
False
Is 141736171 a multiple of 2533?
False
Is 1549 a factor of 11421690?
False
Is 44392409 a multiple of 974?
False
Does 564 divide 1138131132?
True
Is 2600418657 a multiple of 87?
False
Does 785 divide 255051995?
True
Does 283 divide 32579352?
False
Does 364 divide 28116088?
True
Is 1097 a factor of 41895527?
True
Is 1249626066 a multiple of 7113?
True
Is 9 a factor of 69035897?
False
Is 31 a factor of 19689394?
False
Does 594 divide 1403547727?
False
Is 280 a factor of 38018317?
False
Does 1285 divide 15045005?
False
Is 28900700 a multiple of 74?
True
Is 2433760 a multiple of 14?
True
Is 612 a factor of 47124429?
False
Does 1055 divide 115130427?
False
Does 4 divide 293444438?
False
Is 21830148 a multiple of 243?
True
Does 53 divide 15535962?
False
Is 7 a factor of 241771347?
False
Does 2746 divide 283749216?
False
Is 581667080 a multiple of 808?
True
Is 52653095 a multiple of 253?
True
Is 11 a factor of 30571431?
True
Is 18 a factor of 511178650?
False
Does 233 divide 187480887?
True
Is 4770317147 a multiple of 205?
False
Is 17529093 a multiple of 2?
False
Does 78 divide 406664970?
False
Is 87149760 a multiple of 920?
True
Does 6817 divide 4325236526?
True
Does 7 divide 137926653?
False
Is 29 a factor of 1428500589?
True
Is 260 a factor of 26063423?
False
Does 62 divide 2935914?
False
Is 97190455 a multiple of 5?
True
Does 754 divide 50169652?
True
Does 1344 divide 359857344?
True
Is 88106064 a multiple of 980?
False
Is 58 a factor of 507815025?
False
Is 50 a factor of 16389750?
True
Is 48 a factor of 169248912?
True
Does 350 divide 1599500?
True
Is 7832 a factor of 703305768?
True
Is 31 a factor of 4037805403?
False
Is 60653489 a multiple of 1322?
False
Is 463 a factor of 213485133?
True
Does 590 divide 397875350?
True
Is 17 a factor of 280758266?
False
Is 2045225312 a multiple of 115?
False
Does 15 divide 40349061?
False
Is 1611 a factor of 1751780457?
True
Is 481 a factor of 55692029?
False
Is 11598992 a multiple of 16?
True
Is 497 a factor of 37477495?
False
Is 777 a factor of 13711719?
True
Does 24 divide 33216157?
False
Does 41 divide 5368986?
False
Is 8 a factor of 1857480?
True
Is 1297 a factor of 17050362?
True
Does 1698 divide 3431371673?
False
Is 10 a factor of 9805804?
False
Is 189698050 a multiple of 1142?
False
Is 274 a factor of 78765958?
True
Is 45322378 a multiple of 211?
True
Is 26 a factor of 390329762?
False
Does 6193 divide 2129571283?
False
Is 1779897301 a multiple of 10?
False
Is 24 a factor of 1193295017?
False
Is 32388311 a multiple of 9?
False
Is 6 a factor of 109187916?
True
Is 100942998 a multiple of 16?
False
Is 115343376 a multiple of 38?
True
Is 92 a factor of 1446176615?
False
Is 23 a factor of 132473338?
False
Is 147725841 a multiple of 30?
False
Is 7 a factor of 34416690?
True
Is 1886 a factor of 36004273?
False
Is 279 a factor of 3711481822?
False
Does 184 divide 256859228?
False
Is 65 a factor of 20906597?
False
Does 9950 divide 437538998?
False
Is 44434080 a multiple of 472?
True
Is 30 a factor of 203463581?
False
Does 202 divide 174103396?
True
Is 58038512 a multiple of 4?
True
Is 16333280 a multiple of 32?
True
Does 21 divide 64018395?
True
Does 16 divide 402946049?
False
Does 100 divide 935027000?
True
Is 138 a factor of 9410772?
True
Is 23 a factor of 39869136?
False
Is 141 a factor of 100774251?
True
Is 15 a factor